{"id":461,"date":"2018-11-07T22:24:10","date_gmt":"2018-11-07T21:24:10","guid":{"rendered":"http:\/\/www.bdz-berlin.de\/?page_id=461"},"modified":"2025-02-16T16:25:48","modified_gmt":"2025-02-16T15:25:48","slug":"ljzo","status":"publish","type":"page","link":"https:\/\/www.bdz-berlin.de\/index.php\/ljzo\/","title":{"rendered":"LJZO"},"content":{"rendered":"<div class=\"wp-block-image\">\n<figure class=\"aligncenter\"><a href=\"https:\/\/www.bdz-berlin.de\/wp-content\/uploads\/2018\/11\/LJZO_Logo.jpg\"><img loading=\"lazy\" decoding=\"async\" width=\"300\" height=\"300\" src=\"https:\/\/www.bdz-berlin.de\/wp-content\/uploads\/2018\/11\/LJZO_Logo-300x300.jpg\" alt=\"\" class=\"wp-image-463\" srcset=\"https:\/\/www.bdz-berlin.de\/wp-content\/uploads\/2018\/11\/LJZO_Logo-300x300.jpg 300w, https:\/\/www.bdz-berlin.de\/wp-content\/uploads\/2018\/11\/LJZO_Logo-150x150.jpg 150w, https:\/\/www.bdz-berlin.de\/wp-content\/uploads\/2018\/11\/LJZO_Logo-768x768.jpg 768w, https:\/\/www.bdz-berlin.de\/wp-content\/uploads\/2018\/11\/LJZO_Logo-624x624.jpg 624w, https:\/\/www.bdz-berlin.de\/wp-content\/uploads\/2018\/11\/LJZO_Logo-180x180.jpg 180w, https:\/\/www.bdz-berlin.de\/wp-content\/uploads\/2018\/11\/LJZO_Logo-60x60.jpg 60w, https:\/\/www.bdz-berlin.de\/wp-content\/uploads\/2018\/11\/LJZO_Logo.jpg 1000w\" sizes=\"(max-width: 300px) 100vw, 300px\" \/><\/a><\/figure><\/div>\n\n\n<figure class=\"wp-block-image size-large\"><img loading=\"lazy\" decoding=\"async\" width=\"1024\" height=\"643\" src=\"https:\/\/www.bdz-berlin.de\/wp-content\/uploads\/2025\/02\/LJZO_2023-1024x643.jpg\" alt=\"\" class=\"wp-image-1029\" srcset=\"https:\/\/www.bdz-berlin.de\/wp-content\/uploads\/2025\/02\/LJZO_2023-1024x643.jpg 1024w, https:\/\/www.bdz-berlin.de\/wp-content\/uploads\/2025\/02\/LJZO_2023-300x188.jpg 300w, https:\/\/www.bdz-berlin.de\/wp-content\/uploads\/2025\/02\/LJZO_2023-768x482.jpg 768w, https:\/\/www.bdz-berlin.de\/wp-content\/uploads\/2025\/02\/LJZO_2023-1536x964.jpg 1536w, https:\/\/www.bdz-berlin.de\/wp-content\/uploads\/2025\/02\/LJZO_2023-2048x1285.jpg 2048w, https:\/\/www.bdz-berlin.de\/wp-content\/uploads\/2025\/02\/LJZO_2023-624x392.jpg 624w\" sizes=\"(max-width: 1024px) 100vw, 1024px\" \/><\/figure>\n\n\n\n<p>Das Landesjugendzupforchester Brandenburg\/Berlin (LJZO) besteht seit 1993 als Projekt und F\u00f6rderma\u00dfnahme f\u00fcr besonders begabte jugendliche Mandolinisten und Gitarristen.\u00a0Es probt zweimal j\u00e4hrlich w\u00e4hrend der Oster- und Herbstferien in mehrt\u00e4gigen Arbeitsphasen, die meistens mit einem Konzert enden. Au\u00dferdem unternimmt es regelm\u00e4\u00dfig Konzertreisen ins In- und Ausland.<br><br>Das vielseitige Repertoire des Orchesters umfasst sowohl Folklore, Bearbeitungen sinfonischer Werke (z. B. von Edvard Grieg, Antonio Salieri) sowie zeitgen\u00f6ssische Musik. Mehrere Orchestermitglieder errangen bereits Preise bei den Landes- und Bundeswettbewerben \u201eJugend musiziert\u201c und \u201eJugend komponiert\u201c. Nationale und internationale Auszeichnungen kr\u00f6nen die erfolgreiche Arbeit des\u00a0LJZO. Zuletzt erzielte das Orchester beim Wettbewerb f\u00fcr Auswahlorchester in Siegen einen zweiten Platz und das Pr\u00e4dikat \u201emit hervorragendem Erfolg\u201c.\u00a0<\/p>\n\n\n\n<p>Die Leitung des Orchesters hatte&nbsp;bis 2006&nbsp;Frau Ariane Zernecke, von 2007 bis Ende 2016&nbsp;Herr Christian Laier, 2017&nbsp;Frau Anne Farahani und von 2018 bis 2021 Herr Vitali Alesiayonak.<br>2022 konnte Patrick Tuttle als Dirigent f\u00fcr das LJZO gewonnen werden.<\/p>\n\n\n\n<p><strong>Terminplanung:<\/strong><\/p>\n\n\n\n<figure class=\"wp-block-table is-style-stripes\"><table><tbody><tr><td>18.-21.04.2025<\/td><td>Osterarbeitsphase<\/td><td>Gnewikow<\/td><\/tr><tr><td>24.-26.10.2025<\/td><td>Herbstarbeitsphase<\/td><td>Schloss Gollwitz<br>Brandenburg\/Havel<\/td><\/tr><tr><td>14.-17.05.2026<\/td><td>Eurofestival Zupfmusik<\/td><td>Bruchsal<\/td><\/tr><\/tbody><\/table><\/figure>\n\n\n\n<p class=\"has-text-align-center\"><strong>Das Orchester sucht regelm\u00e4\u00dfig Verst\u00e4rkung.<br><\/strong><strong>Neue Mitspieler sind herzlich willkommen!<\/strong><\/p>\n\n\n\n<p><strong>Kontakt:<\/strong><br>Frau Anna-Katharina Schau<br>Behlertstr. 33a, 14467 Potsdam<br>Tel.\/Fax: +49 331 \/ 647 347 32<br>Mobil: +49 157 \/ 325 634 26<br>E-Mail: <a href=\"javascript:DeCryptX('1t3f3k0a1v2B1m2c0n0d3h2u0m2w2u2k0k1s1b3w303e2t2c3q0d1f3q3e3x1s0g0.3g2g')\">&#115;c&#104;au&#64;l&#97;&#110;&#100;e&#115;m&#117;&#115;&#105;&#107;&#114;at&#45;b&#114;a&#110;denb&#117;r&#103;&#46;&#100;&#101;<\/a><\/p>\n","protected":false},"excerpt":{"rendered":"<p>Das Landesjugendzupforchester Brandenburg\/Berlin (LJZO) besteht seit 1993 als Projekt und F\u00f6rderma\u00dfnahme f\u00fcr besonders begabte jugendliche Mandolinisten und Gitarristen.\u00a0Es probt zweimal j\u00e4hrlich w\u00e4hrend der Oster- und Herbstferien in mehrt\u00e4gigen Arbeitsphasen, die&#8230; <a href=\"https:\/\/www.bdz-berlin.de\/index.php\/ljzo\/\">Read more &raquo;<\/a><\/p>\n","protected":false},"author":1,"featured_media":0,"parent":0,"menu_order":0,"comment_status":"closed","ping_status":"closed","template":"","meta":{"footnotes":""},"class_list":["post-461","page","type-page","status-publish","hentry"],"_links":{"self":[{"href":"https:\/\/www.bdz-berlin.de\/index.php\/wp-json\/wp\/v2\/pages\/461"}],"collection":[{"href":"https:\/\/www.bdz-berlin.de\/index.php\/wp-json\/wp\/v2\/pages"}],"about":[{"href":"https:\/\/www.bdz-berlin.de\/index.php\/wp-json\/wp\/v2\/types\/page"}],"author":[{"embeddable":true,"href":"https:\/\/www.bdz-berlin.de\/index.php\/wp-json\/wp\/v2\/users\/1"}],"replies":[{"embeddable":true,"href":"https:\/\/www.bdz-berlin.de\/index.php\/wp-json\/wp\/v2\/comments?post=461"}],"version-history":[{"count":25,"href":"https:\/\/www.bdz-berlin.de\/index.php\/wp-json\/wp\/v2\/pages\/461\/revisions"}],"predecessor-version":[{"id":1032,"href":"https:\/\/www.bdz-berlin.de\/index.php\/wp-json\/wp\/v2\/pages\/461\/revisions\/1032"}],"wp:attachment":[{"href":"https:\/\/www.bdz-berlin.de\/index.php\/wp-json\/wp\/v2\/media?parent=461"}],"curies":[{"name":"wp","href":"https:\/\/api.w.org\/{rel}","templated":true}]}}